{"id":570,"date":"2018-10-01T13:10:24","date_gmt":"2018-10-01T13:10:24","guid":{"rendered":"https:\/\/bergangus.ch\/wpBergangus\/?page_id=570"},"modified":"2025-06-09T19:12:24","modified_gmt":"2025-06-09T19:12:24","slug":"halterung","status":"publish","type":"page","link":"https:\/\/bergangus.ch\/wpBergangus\/halterung\/","title":{"rendered":"Halterung\/F\u00fctterung"},"content":{"rendered":"\t\t<div data-elementor-type=\"wp-post\" data-elementor-id=\"570\" class=\"elementor elementor-570\">\n\t\t\t\t<div class=\"elementor-element elementor-element-f07c8cf e-flex e-con-boxed e-con e-parent\" data-id=\"f07c8cf\" data-element_type=\"container\" data-e-type=\"container\" data-settings=\"{&quot;background_background&quot;:&quot;classic&quot;,&quot;shape_divider_bottom&quot;:&quot;triangle&quot;}\">\n\t\t\t\t\t<div class=\"e-con-inner\">\n\t\t\t\t<div class=\"elementor-shape elementor-shape-bottom\" aria-hidden=\"true\" data-negative=\"false\">\n\t\t\t<svg xmlns=\"http:\/\/www.w3.org\/2000\/svg\" viewBox=\"0 0 1000 100\" preserveAspectRatio=\"none\">\n\t<path class=\"elementor-shape-fill\" d=\"M500,98.9L0,6.1V0h1000v6.1L500,98.9z\"\/>\n<\/svg>\t\t<\/div>\n\t\t<div class=\"elementor-element elementor-element-6330140 e-con-full e-flex e-con e-child\" data-id=\"6330140\" data-element_type=\"container\" data-e-type=\"container\">\n\t\t\t\t<\/div>\n\t\t<div class=\"elementor-element elementor-element-838a5a2 e-con-full e-flex e-con e-child\" data-id=\"838a5a2\" data-element_type=\"container\" data-e-type=\"container\">\n\t\t\t\t<div class=\"elementor-element elementor-element-5352cda elementor-invisible elementor-widget elementor-widget-heading\" data-id=\"5352cda\" data-element_type=\"widget\" data-e-type=\"widget\" data-settings=\"{&quot;_animation&quot;:&quot;fadeInDown&quot;}\" data-widget_type=\"heading.default\">\n\t\t\t\t<div class=\"elementor-widget-container\">\n\t\t\t\t\t<h3 class=\"elementor-heading-title elementor-size-default\">Futter<\/h3>\t\t\t\t<\/div>\n\t\t\t\t<\/div>\n\t\t\t\t<div class=\"elementor-element elementor-element-1d00749 elementor-invisible elementor-widget elementor-widget-heading\" data-id=\"1d00749\" data-element_type=\"widget\" data-e-type=\"widget\" data-settings=\"{&quot;_animation&quot;:&quot;fadeInUp&quot;,&quot;_animation_delay&quot;:200}\" data-widget_type=\"heading.default\">\n\t\t\t\t<div class=\"elementor-widget-container\">\n\t\t\t\t\t<h1 class=\"elementor-heading-title elementor-size-default\">Haltung \/ F\u00fctterung<\/h1>\t\t\t\t<\/div>\n\t\t\t\t<\/div>\n\t\t\t\t<\/div>\n\t\t<div class=\"elementor-element elementor-element-41b234a e-con-full e-flex e-con e-child\" data-id=\"41b234a\" data-element_type=\"container\" data-e-type=\"container\">\n\t\t\t\t<\/div>\n\t\t\t\t\t<\/div>\n\t\t\t\t<\/div>\n\t\t<div class=\"elementor-element elementor-element-aba5795 e-flex e-con-boxed e-con e-parent\" data-id=\"aba5795\" data-element_type=\"container\" data-e-type=\"container\">\n\t\t\t\t\t<div class=\"e-con-inner\">\n\t\t<div class=\"elementor-element elementor-element-3977c5e e-con-full e-flex e-con e-child\" data-id=\"3977c5e\" data-element_type=\"container\" data-e-type=\"container\">\n\t\t<div class=\"elementor-element elementor-element-5951679 e-flex e-con-boxed e-con e-child\" data-id=\"5951679\" data-element_type=\"container\" data-e-type=\"container\">\n\t\t\t\t\t<div class=\"e-con-inner\">\n\t\t<div class=\"elementor-element elementor-element-99580bf e-con-full e-flex e-con e-child\" data-id=\"99580bf\" data-element_type=\"container\" data-e-type=\"container\">\n\t\t\t\t<\/div>\n\t\t<div class=\"elementor-element elementor-element-5b11573 e-con-full e-flex e-con e-child\" data-id=\"5b11573\" data-element_type=\"container\" data-e-type=\"container\">\n\t\t\t\t<div class=\"elementor-element elementor-element-e45f684 elementor-widget elementor-widget-heading\" data-id=\"e45f684\" data-element_type=\"widget\" data-e-type=\"widget\" data-settings=\"{&quot;_animation&quot;:&quot;none&quot;}\" data-widget_type=\"heading.default\">\n\t\t\t\t<div class=\"elementor-widget-container\">\n\t\t\t\t\t<h2 class=\"elementor-heading-title elementor-size-default\">Nat\u00fcrliches Futter aus Eigenproduktion<\/h2>\t\t\t\t<\/div>\n\t\t\t\t<\/div>\n\t\t\t\t<div class=\"elementor-element elementor-element-330da02 elementor-widget elementor-widget-text-editor\" data-id=\"330da02\" data-element_type=\"widget\" data-e-type=\"widget\" data-widget_type=\"text-editor.default\">\n\t\t\t\t<div class=\"elementor-widget-container\">\n\t\t\t\t\t\t\t\t\t<p>Alles Futter f\u00fcr ihre Mutterkuhherde produzieren Kohlers selber. Da wird nichts zugekauft, schon gar kein Kraftfutter. Im Sommer ist es deshalb streng f\u00fcr die Hofbetreiber, heuen und silieren an zum Teil steilen Bergflanken steht auf dem Programm. Da ist jede Hand gefragt. Wenn sich gegen Ende Sommer dann das Tenn mit wohlriechendem Heu f\u00fcllt und draussen die Siloballen fein s\u00e4uberlich aufgeschichtet sind, ist der Hof bereit, seine vierbeinigen Sch\u00f6nheiten, vor Gesundheit strotzend von der Alp kommend, wieder zu beherbergen.<\/p><p>Im grossen Laufstall bewegen sich die K\u00fche und K\u00e4lber frei, haben ein weiches Strohbett und Auslauf nach Lust und Laune. Morgens und abends wird gef\u00fcttert, es steht aber generell \u00fcber den ganzen Tag Futter zur Verf\u00fcgung. Und nat\u00fcrlich klares Quellwasser. Auf den naheliegenden Weiden k\u00f6nnen sich die Tiere zudem selbst versorgen und ihrem Bewegungsdrang nachkommen. Besonders die K\u00e4lber bilden \u00abJugendgruppen\u00bb, wo es lustig zu und her geht, Ausdruck purer Lebensfreude.<\/p><hr \/>\t\t\t\t\t\t\t\t<\/div>\n\t\t\t\t<\/div>\n\t\t\t\t<div class=\"elementor-element elementor-element-a574f59 elementor-widget elementor-widget-image-gallery\" data-id=\"a574f59\" data-element_type=\"widget\" data-e-type=\"widget\" data-widget_type=\"image-gallery.default\">\n\t\t\t\t<div class=\"elementor-widget-container\">\n\t\t\t\t\t\t\t<div class=\"elementor-image-gallery\">\n\t\t\t<div id='gallery-1' class='gallery galleryid-570 gallery-columns-4 gallery-size-medium'><figure class='gallery-item'>\n\t\t\t<div class='gallery-icon landscape'>\n\t\t\t\t<a data-elementor-open-lightbox=\"yes\" data-elementor-lightbox-slideshow=\"a574f59\" data-elementor-lightbox-title=\"IMG-20210531-WA0093-435x435\" data-e-action-hash=\"#elementor-action%3Aaction%3Dlightbox%26settings%3DeyJpZCI6MTM0NywidXJsIjoiaHR0cHM6XC9cL2Jlcmdhbmd1cy5jaFwvd3BCZXJnYW5ndXNcL3dwLWNvbnRlbnRcL3VwbG9hZHNcLzIwMjNcLzEyXC9JTUctMjAyMTA1MzEtV0EwMDkzLTQzNXg0MzUtMS5qcGciLCJzbGlkZXNob3ciOiJhNTc0ZjU5In0%3D\" href='https:\/\/bergangus.ch\/wpBergangus\/wp-content\/uploads\/2023\/12\/IMG-20210531-WA0093-435x435-1.jpg'><img fetchpriority=\"high\" decoding=\"async\" width=\"300\" height=\"300\" src=\"https:\/\/bergangus.ch\/wpBergangus\/wp-content\/uploads\/2023\/12\/IMG-20210531-WA0093-435x435-1-300x300.jpg\" class=\"attachment-medium size-medium\" alt=\"\" aria-describedby=\"gallery-1-1347\" srcset=\"https:\/\/bergangus.ch\/wpBergangus\/wp-content\/uploads\/2023\/12\/IMG-20210531-WA0093-435x435-1-300x300.jpg 300w, https:\/\/bergangus.ch\/wpBergangus\/wp-content\/uploads\/2023\/12\/IMG-20210531-WA0093-435x435-1-150x150.jpg 150w, https:\/\/bergangus.ch\/wpBergangus\/wp-content\/uploads\/2023\/12\/IMG-20210531-WA0093-435x435-1.jpg 435w\" sizes=\"(max-width: 300px) 100vw, 300px\" \/><\/a>\n\t\t\t<\/div>\n\t\t\t\t<figcaption class='wp-caption-text gallery-caption' id='gallery-1-1347'>\n\t\t\t\t Beim t\u00e4glichen Weidegang. \n\t\t\t\t<\/figcaption><\/figure><figure class='gallery-item'>\n\t\t\t<div class='gallery-icon landscape'>\n\t\t\t\t<a data-elementor-open-lightbox=\"yes\" data-elementor-lightbox-slideshow=\"a574f59\" data-elementor-lightbox-title=\"DSC_1990-435x435\" data-e-action-hash=\"#elementor-action%3Aaction%3Dlightbox%26settings%3DeyJpZCI6MTM0OCwidXJsIjoiaHR0cHM6XC9cL2Jlcmdhbmd1cy5jaFwvd3BCZXJnYW5ndXNcL3dwLWNvbnRlbnRcL3VwbG9hZHNcLzIwMjNcLzEyXC9EU0NfMTk5MC00MzV4NDM1LTEuanBnIiwic2xpZGVzaG93IjoiYTU3NGY1OSJ9\" href='https:\/\/bergangus.ch\/wpBergangus\/wp-content\/uploads\/2023\/12\/DSC_1990-435x435-1.jpg'><img decoding=\"async\" width=\"300\" height=\"300\" src=\"https:\/\/bergangus.ch\/wpBergangus\/wp-content\/uploads\/2023\/12\/DSC_1990-435x435-1-300x300.jpg\" class=\"attachment-medium size-medium\" alt=\"\" aria-describedby=\"gallery-1-1348\" srcset=\"https:\/\/bergangus.ch\/wpBergangus\/wp-content\/uploads\/2023\/12\/DSC_1990-435x435-1-300x300.jpg 300w, https:\/\/bergangus.ch\/wpBergangus\/wp-content\/uploads\/2023\/12\/DSC_1990-435x435-1-150x150.jpg 150w, https:\/\/bergangus.ch\/wpBergangus\/wp-content\/uploads\/2023\/12\/DSC_1990-435x435-1.jpg 435w\" sizes=\"(max-width: 300px) 100vw, 300px\" \/><\/a>\n\t\t\t<\/div>\n\t\t\t\t<figcaption class='wp-caption-text gallery-caption' id='gallery-1-1348'>\n\t\t\t\tJedes Tier hat einen Namen.\n\t\t\t\t<\/figcaption><\/figure><figure class='gallery-item'>\n\t\t\t<div class='gallery-icon landscape'>\n\t\t\t\t<a data-elementor-open-lightbox=\"yes\" data-elementor-lightbox-slideshow=\"a574f59\" data-elementor-lightbox-title=\"Haltung-435x435\" data-e-action-hash=\"#elementor-action%3Aaction%3Dlightbox%26settings%3DeyJpZCI6MTM0OSwidXJsIjoiaHR0cHM6XC9cL2Jlcmdhbmd1cy5jaFwvd3BCZXJnYW5ndXNcL3dwLWNvbnRlbnRcL3VwbG9hZHNcLzIwMjNcLzEyXC9IYWx0dW5nLTQzNXg0MzUtMS5qcGciLCJzbGlkZXNob3ciOiJhNTc0ZjU5In0%3D\" href='https:\/\/bergangus.ch\/wpBergangus\/wp-content\/uploads\/2023\/12\/Haltung-435x435-1.jpg'><img decoding=\"async\" width=\"300\" height=\"300\" src=\"https:\/\/bergangus.ch\/wpBergangus\/wp-content\/uploads\/2023\/12\/Haltung-435x435-1-300x300.jpg\" class=\"attachment-medium size-medium\" alt=\"\" aria-describedby=\"gallery-1-1349\" srcset=\"https:\/\/bergangus.ch\/wpBergangus\/wp-content\/uploads\/2023\/12\/Haltung-435x435-1-300x300.jpg 300w, https:\/\/bergangus.ch\/wpBergangus\/wp-content\/uploads\/2023\/12\/Haltung-435x435-1-150x150.jpg 150w, https:\/\/bergangus.ch\/wpBergangus\/wp-content\/uploads\/2023\/12\/Haltung-435x435-1.jpg 435w\" sizes=\"(max-width: 300px) 100vw, 300px\" \/><\/a>\n\t\t\t<\/div>\n\t\t\t\t<figcaption class='wp-caption-text gallery-caption' id='gallery-1-1349'>\n\t\t\t\tFrisch von der Bergnaturwiese.\n\t\t\t\t<\/figcaption><\/figure><figure class='gallery-item'>\n\t\t\t<div class='gallery-icon landscape'>\n\t\t\t\t<a data-elementor-open-lightbox=\"yes\" data-elementor-lightbox-slideshow=\"a574f59\" data-elementor-lightbox-title=\"IMG-20210531-WA0004-435x435\" data-e-action-hash=\"#elementor-action%3Aaction%3Dlightbox%26settings%3DeyJpZCI6MTM1MCwidXJsIjoiaHR0cHM6XC9cL2Jlcmdhbmd1cy5jaFwvd3BCZXJnYW5ndXNcL3dwLWNvbnRlbnRcL3VwbG9hZHNcLzIwMjNcLzEyXC9JTUctMjAyMTA1MzEtV0EwMDA0LTQzNXg0MzUtMS5qcGciLCJzbGlkZXNob3ciOiJhNTc0ZjU5In0%3D\" href='https:\/\/bergangus.ch\/wpBergangus\/wp-content\/uploads\/2023\/12\/IMG-20210531-WA0004-435x435-1.jpg'><img loading=\"lazy\" decoding=\"async\" width=\"300\" height=\"300\" src=\"https:\/\/bergangus.ch\/wpBergangus\/wp-content\/uploads\/2023\/12\/IMG-20210531-WA0004-435x435-1-300x300.jpg\" class=\"attachment-medium size-medium\" alt=\"\" aria-describedby=\"gallery-1-1350\" srcset=\"https:\/\/bergangus.ch\/wpBergangus\/wp-content\/uploads\/2023\/12\/IMG-20210531-WA0004-435x435-1-300x300.jpg 300w, https:\/\/bergangus.ch\/wpBergangus\/wp-content\/uploads\/2023\/12\/IMG-20210531-WA0004-435x435-1-150x150.jpg 150w, https:\/\/bergangus.ch\/wpBergangus\/wp-content\/uploads\/2023\/12\/IMG-20210531-WA0004-435x435-1.jpg 435w\" sizes=\"(max-width: 300px) 100vw, 300px\" \/><\/a>\n\t\t\t<\/div>\n\t\t\t\t<figcaption class='wp-caption-text gallery-caption' id='gallery-1-1350'>\n\t\t\t\tMaampf!\n\t\t\t\t<\/figcaption><\/figure><figure class='gallery-item'>\n\t\t\t<div class='gallery-icon landscape'>\n\t\t\t\t<a data-elementor-open-lightbox=\"yes\" data-elementor-lightbox-slideshow=\"a574f59\" data-elementor-lightbox-title=\"IMG-20210531-WA0008-435x435\" data-e-action-hash=\"#elementor-action%3Aaction%3Dlightbox%26settings%3DeyJpZCI6MTM1MSwidXJsIjoiaHR0cHM6XC9cL2Jlcmdhbmd1cy5jaFwvd3BCZXJnYW5ndXNcL3dwLWNvbnRlbnRcL3VwbG9hZHNcLzIwMjNcLzEyXC9JTUctMjAyMTA1MzEtV0EwMDA4LTQzNXg0MzUtMS5qcGciLCJzbGlkZXNob3ciOiJhNTc0ZjU5In0%3D\" href='https:\/\/bergangus.ch\/wpBergangus\/wp-content\/uploads\/2023\/12\/IMG-20210531-WA0008-435x435-1.jpg'><img loading=\"lazy\" decoding=\"async\" width=\"300\" height=\"300\" src=\"https:\/\/bergangus.ch\/wpBergangus\/wp-content\/uploads\/2023\/12\/IMG-20210531-WA0008-435x435-1-300x300.jpg\" class=\"attachment-medium size-medium\" alt=\"\" aria-describedby=\"gallery-1-1351\" srcset=\"https:\/\/bergangus.ch\/wpBergangus\/wp-content\/uploads\/2023\/12\/IMG-20210531-WA0008-435x435-1-300x300.jpg 300w, https:\/\/bergangus.ch\/wpBergangus\/wp-content\/uploads\/2023\/12\/IMG-20210531-WA0008-435x435-1-150x150.jpg 150w, https:\/\/bergangus.ch\/wpBergangus\/wp-content\/uploads\/2023\/12\/IMG-20210531-WA0008-435x435-1.jpg 435w\" sizes=\"(max-width: 300px) 100vw, 300px\" \/><\/a>\n\t\t\t<\/div>\n\t\t\t\t<figcaption class='wp-caption-text gallery-caption' id='gallery-1-1351'>\n\t\t\t\tWillkommen, kleine &#8222;Black Beauty&#8220;\n\t\t\t\t<\/figcaption><\/figure><figure class='gallery-item'>\n\t\t\t<div class='gallery-icon landscape'>\n\t\t\t\t<a data-elementor-open-lightbox=\"yes\" data-elementor-lightbox-slideshow=\"a574f59\" data-elementor-lightbox-title=\"IMG-20210531-WA0009-435x435\" data-e-action-hash=\"#elementor-action%3Aaction%3Dlightbox%26settings%3DeyJpZCI6MTM1MiwidXJsIjoiaHR0cHM6XC9cL2Jlcmdhbmd1cy5jaFwvd3BCZXJnYW5ndXNcL3dwLWNvbnRlbnRcL3VwbG9hZHNcLzIwMjNcLzEyXC9JTUctMjAyMTA1MzEtV0EwMDA5LTQzNXg0MzUtMS5qcGciLCJzbGlkZXNob3ciOiJhNTc0ZjU5In0%3D\" href='https:\/\/bergangus.ch\/wpBergangus\/wp-content\/uploads\/2023\/12\/IMG-20210531-WA0009-435x435-1.jpg'><img loading=\"lazy\" decoding=\"async\" width=\"300\" height=\"300\" src=\"https:\/\/bergangus.ch\/wpBergangus\/wp-content\/uploads\/2023\/12\/IMG-20210531-WA0009-435x435-1-300x300.jpg\" class=\"attachment-medium size-medium\" alt=\"\" aria-describedby=\"gallery-1-1352\" srcset=\"https:\/\/bergangus.ch\/wpBergangus\/wp-content\/uploads\/2023\/12\/IMG-20210531-WA0009-435x435-1-300x300.jpg 300w, https:\/\/bergangus.ch\/wpBergangus\/wp-content\/uploads\/2023\/12\/IMG-20210531-WA0009-435x435-1-150x150.jpg 150w, https:\/\/bergangus.ch\/wpBergangus\/wp-content\/uploads\/2023\/12\/IMG-20210531-WA0009-435x435-1.jpg 435w\" sizes=\"(max-width: 300px) 100vw, 300px\" \/><\/a>\n\t\t\t<\/div>\n\t\t\t\t<figcaption class='wp-caption-text gallery-caption' id='gallery-1-1352'>\n\t\t\t\tIn der Geb\u00e4rbox.\n\t\t\t\t<\/figcaption><\/figure><figure class='gallery-item'>\n\t\t\t<div class='gallery-icon landscape'>\n\t\t\t\t<a data-elementor-open-lightbox=\"yes\" data-elementor-lightbox-slideshow=\"a574f59\" data-elementor-lightbox-title=\"IMG-20210531-WA0010-435x435\" data-e-action-hash=\"#elementor-action%3Aaction%3Dlightbox%26settings%3DeyJpZCI6MTM1MywidXJsIjoiaHR0cHM6XC9cL2Jlcmdhbmd1cy5jaFwvd3BCZXJnYW5ndXNcL3dwLWNvbnRlbnRcL3VwbG9hZHNcLzIwMjNcLzEyXC9JTUctMjAyMTA1MzEtV0EwMDEwLTQzNXg0MzUtMS5qcGciLCJzbGlkZXNob3ciOiJhNTc0ZjU5In0%3D\" href='https:\/\/bergangus.ch\/wpBergangus\/wp-content\/uploads\/2023\/12\/IMG-20210531-WA0010-435x435-1.jpg'><img loading=\"lazy\" decoding=\"async\" width=\"300\" height=\"300\" src=\"https:\/\/bergangus.ch\/wpBergangus\/wp-content\/uploads\/2023\/12\/IMG-20210531-WA0010-435x435-1-300x300.jpg\" class=\"attachment-medium size-medium\" alt=\"\" aria-describedby=\"gallery-1-1353\" srcset=\"https:\/\/bergangus.ch\/wpBergangus\/wp-content\/uploads\/2023\/12\/IMG-20210531-WA0010-435x435-1-300x300.jpg 300w, https:\/\/bergangus.ch\/wpBergangus\/wp-content\/uploads\/2023\/12\/IMG-20210531-WA0010-435x435-1-150x150.jpg 150w, https:\/\/bergangus.ch\/wpBergangus\/wp-content\/uploads\/2023\/12\/IMG-20210531-WA0010-435x435-1.jpg 435w\" sizes=\"(max-width: 300px) 100vw, 300px\" \/><\/a>\n\t\t\t<\/div>\n\t\t\t\t<figcaption class='wp-caption-text gallery-caption' id='gallery-1-1353'>\n\t\t\t\tWhat&#8217;s up?\n\t\t\t\t<\/figcaption><\/figure><figure class='gallery-item'>\n\t\t\t<div class='gallery-icon landscape'>\n\t\t\t\t<a data-elementor-open-lightbox=\"yes\" data-elementor-lightbox-slideshow=\"a574f59\" data-elementor-lightbox-title=\"IMG-20210531-WA0034-435x435\" data-e-action-hash=\"#elementor-action%3Aaction%3Dlightbox%26settings%3DeyJpZCI6MTM1NCwidXJsIjoiaHR0cHM6XC9cL2Jlcmdhbmd1cy5jaFwvd3BCZXJnYW5ndXNcL3dwLWNvbnRlbnRcL3VwbG9hZHNcLzIwMjNcLzEyXC9JTUctMjAyMTA1MzEtV0EwMDM0LTQzNXg0MzUtMS5qcGciLCJzbGlkZXNob3ciOiJhNTc0ZjU5In0%3D\" href='https:\/\/bergangus.ch\/wpBergangus\/wp-content\/uploads\/2023\/12\/IMG-20210531-WA0034-435x435-1.jpg'><img loading=\"lazy\" decoding=\"async\" width=\"300\" height=\"300\" src=\"https:\/\/bergangus.ch\/wpBergangus\/wp-content\/uploads\/2023\/12\/IMG-20210531-WA0034-435x435-1-300x300.jpg\" class=\"attachment-medium size-medium\" alt=\"\" aria-describedby=\"gallery-1-1354\" srcset=\"https:\/\/bergangus.ch\/wpBergangus\/wp-content\/uploads\/2023\/12\/IMG-20210531-WA0034-435x435-1-300x300.jpg 300w, https:\/\/bergangus.ch\/wpBergangus\/wp-content\/uploads\/2023\/12\/IMG-20210531-WA0034-435x435-1-150x150.jpg 150w, https:\/\/bergangus.ch\/wpBergangus\/wp-content\/uploads\/2023\/12\/IMG-20210531-WA0034-435x435-1.jpg 435w\" sizes=\"(max-width: 300px) 100vw, 300px\" \/><\/a>\n\t\t\t<\/div>\n\t\t\t\t<figcaption class='wp-caption-text gallery-caption' id='gallery-1-1354'>\n\t\t\t\tFeines Bergheu.\n\t\t\t\t<\/figcaption><\/figure><figure class='gallery-item'>\n\t\t\t<div class='gallery-icon landscape'>\n\t\t\t\t<a data-elementor-open-lightbox=\"yes\" data-elementor-lightbox-slideshow=\"a574f59\" data-elementor-lightbox-title=\"IMG-20210531-WA0035-435x435\" data-e-action-hash=\"#elementor-action%3Aaction%3Dlightbox%26settings%3DeyJpZCI6MTM1NSwidXJsIjoiaHR0cHM6XC9cL2Jlcmdhbmd1cy5jaFwvd3BCZXJnYW5ndXNcL3dwLWNvbnRlbnRcL3VwbG9hZHNcLzIwMjNcLzEyXC9JTUctMjAyMTA1MzEtV0EwMDM1LTQzNXg0MzUtMS5qcGciLCJzbGlkZXNob3ciOiJhNTc0ZjU5In0%3D\" href='https:\/\/bergangus.ch\/wpBergangus\/wp-content\/uploads\/2023\/12\/IMG-20210531-WA0035-435x435-1.jpg'><img loading=\"lazy\" decoding=\"async\" width=\"300\" height=\"300\" src=\"https:\/\/bergangus.ch\/wpBergangus\/wp-content\/uploads\/2023\/12\/IMG-20210531-WA0035-435x435-1-300x300.jpg\" class=\"attachment-medium size-medium\" alt=\"\" aria-describedby=\"gallery-1-1355\" srcset=\"https:\/\/bergangus.ch\/wpBergangus\/wp-content\/uploads\/2023\/12\/IMG-20210531-WA0035-435x435-1-300x300.jpg 300w, https:\/\/bergangus.ch\/wpBergangus\/wp-content\/uploads\/2023\/12\/IMG-20210531-WA0035-435x435-1-150x150.jpg 150w, https:\/\/bergangus.ch\/wpBergangus\/wp-content\/uploads\/2023\/12\/IMG-20210531-WA0035-435x435-1.jpg 435w\" sizes=\"(max-width: 300px) 100vw, 300px\" \/><\/a>\n\t\t\t<\/div>\n\t\t\t\t<figcaption class='wp-caption-text gallery-caption' id='gallery-1-1355'>\n\t\t\t\tSpielgruppe.\n\t\t\t\t<\/figcaption><\/figure>\n\t\t<\/div>\n\t\t<\/div>\n\t\t\t\t\t\t<\/div>\n\t\t\t\t<\/div>\n\t\t\t\t<\/div>\n\t\t<div class=\"elementor-element elementor-element-eb100d9 e-con-full e-flex e-con e-child\" data-id=\"eb100d9\" data-element_type=\"container\" data-e-type=\"container\">\n\t\t\t\t<\/div>\n\t\t\t\t\t<\/div>\n\t\t\t\t<\/div>\n\t\t\t\t<\/div>\n\t\t\t\t\t<\/div>\n\t\t\t\t<\/div>\n\t\t\t\t<\/div>\n\t\t","protected":false},"excerpt":{"rendered":"<p>Futter Haltung \/ F\u00fctterung Nat\u00fcrliches Futter aus Eigenproduktion Alles Futter f\u00fcr ihre Mutterkuhherde produzieren Kohlers selber. Da wird nichts zugekauft, schon gar kein Kraftfutter. Im Sommer ist es deshalb streng f\u00fcr die Hofbetreiber, heuen und silieren an zum Teil steilen Bergflanken steht auf dem Programm. Da ist jede Hand gefragt. Wenn sich gegen Ende Sommer [&hellip;]<\/p>\n","protected":false},"author":1,"featured_media":0,"parent":0,"menu_order":4,"comment_status":"closed","ping_status":"closed","template":"","meta":{"site-sidebar-layout":"no-sidebar","site-content-layout":"page-builder","ast-site-content-layout":"default","site-content-style":"default","site-sidebar-style":"default","ast-global-header-display":"","ast-banner-title-visibility":"","ast-main-header-display":"","ast-hfb-above-header-display":"","ast-hfb-below-header-display":"","ast-hfb-mobile-header-display":"","site-post-title":"disabled","ast-breadcrumbs-content":"","ast-featured-img":"disabled","footer-sml-layout":"","ast-disable-related-posts":"","theme-transparent-header-meta":"","adv-header-id-meta":"","stick-header-meta":"","header-above-stick-meta":"","header-main-stick-meta":"","header-below-stick-meta":"","astra-migrate-meta-layouts":"default","ast-page-background-enabled":"default","ast-page-background-meta":{"desktop":{"background-color":"","background-image":"","background-repeat":"repeat","background-position":"center center","background-size":"auto","background-attachment":"scroll","background-type":"","background-media":"","overlay-type":"","overlay-color":"","overlay-opacity":"","overlay-gradient":""},"tablet":{"background-color":"","background-image":"","background-repeat":"repeat","background-position":"center center","background-size":"auto","background-attachment":"scroll","background-type":"","background-media":"","overlay-type":"","overlay-color":"","overlay-opacity":"","overlay-gradient":""},"mobile":{"background-color":"","background-image":"","background-repeat":"repeat","background-position":"center center","background-size":"auto","background-attachment":"scroll","background-type":"","background-media":"","overlay-type":"","overlay-color":"","overlay-opacity":"","overlay-gradient":""}},"ast-content-background-meta":{"desktop":{"background-color":"var(--ast-global-color-5)","background-image":"","background-repeat":"repeat","background-position":"center center","background-size":"auto","background-attachment":"scroll","background-type":"","background-media":"","overlay-type":"","overlay-color":"","overlay-opacity":"","overlay-gradient":""},"tablet":{"background-color":"var(--ast-global-color-5)","background-image":"","background-repeat":"repeat","background-position":"center center","background-size":"auto","background-attachment":"scroll","background-type":"","background-media":"","overlay-type":"","overlay-color":"","overlay-opacity":"","overlay-gradient":""},"mobile":{"background-color":"var(--ast-global-color-5)","background-image":"","background-repeat":"repeat","background-position":"center center","background-size":"auto","background-attachment":"scroll","background-type":"","background-media":"","overlay-type":"","overlay-color":"","overlay-opacity":"","overlay-gradient":""}},"footnotes":""},"class_list":["post-570","page","type-page","status-publish","hentry"],"_links":{"self":[{"href":"https:\/\/bergangus.ch\/wpBergangus\/wp-json\/wp\/v2\/pages\/570","targetHints":{"allow":["GET"]}}],"collection":[{"href":"https:\/\/bergangus.ch\/wpBergangus\/wp-json\/wp\/v2\/pages"}],"about":[{"href":"https:\/\/bergangus.ch\/wpBergangus\/wp-json\/wp\/v2\/types\/page"}],"author":[{"embeddable":true,"href":"https:\/\/bergangus.ch\/wpBergangus\/wp-json\/wp\/v2\/users\/1"}],"replies":[{"embeddable":true,"href":"https:\/\/bergangus.ch\/wpBergangus\/wp-json\/wp\/v2\/comments?post=570"}],"version-history":[{"count":45,"href":"https:\/\/bergangus.ch\/wpBergangus\/wp-json\/wp\/v2\/pages\/570\/revisions"}],"predecessor-version":[{"id":2212,"href":"https:\/\/bergangus.ch\/wpBergangus\/wp-json\/wp\/v2\/pages\/570\/revisions\/2212"}],"wp:attachment":[{"href":"https:\/\/bergangus.ch\/wpBergangus\/wp-json\/wp\/v2\/media?parent=570"}],"curies":[{"name":"wp","href":"https:\/\/api.w.org\/{rel}","templated":true}]}}