{"id":1211,"date":"2023-12-14T10:27:37","date_gmt":"2023-12-14T10:27:37","guid":{"rendered":"https:\/\/bergangus.ch\/wpBergangus\/?page_id=1211"},"modified":"2024-01-19T07:02:17","modified_gmt":"2024-01-19T07:02:17","slug":"impressum-datenschutz","status":"publish","type":"page","link":"https:\/\/bergangus.ch\/wpBergangus\/impressum-datenschutz\/","title":{"rendered":"Impressum, Datenschutz"},"content":{"rendered":"\t\t<div data-elementor-type=\"wp-page\" data-elementor-id=\"1211\" class=\"elementor elementor-1211\">\n\t\t\t\t<div class=\"elementor-element elementor-element-5d159092 e-flex e-con-boxed e-con e-parent\" data-id=\"5d159092\" data-element_type=\"container\" data-e-type=\"container\" data-settings=\"{&quot;background_background&quot;:&quot;classic&quot;,&quot;shape_divider_bottom&quot;:&quot;triangle&quot;}\">\n\t\t\t\t\t<div class=\"e-con-inner\">\n\t\t\t\t<div class=\"elementor-shape elementor-shape-bottom\" aria-hidden=\"true\" data-negative=\"false\">\n\t\t\t<svg xmlns=\"http:\/\/www.w3.org\/2000\/svg\" viewBox=\"0 0 1000 100\" preserveAspectRatio=\"none\">\n\t<path class=\"elementor-shape-fill\" d=\"M500,98.9L0,6.1V0h1000v6.1L500,98.9z\"\/>\n<\/svg>\t\t<\/div>\n\t\t<div class=\"elementor-element elementor-element-17329551 e-con-full e-flex e-con e-child\" data-id=\"17329551\" data-element_type=\"container\" data-e-type=\"container\">\n\t\t\t\t<\/div>\n\t\t<div class=\"elementor-element elementor-element-8d7885f e-con-full e-flex e-con e-child\" data-id=\"8d7885f\" data-element_type=\"container\" data-e-type=\"container\">\n\t\t\t\t<div class=\"elementor-element elementor-element-56833d71 elementor-invisible elementor-widget elementor-widget-heading\" data-id=\"56833d71\" data-element_type=\"widget\" data-e-type=\"widget\" data-settings=\"{&quot;_animation&quot;:&quot;fadeInDown&quot;}\" data-widget_type=\"heading.default\">\n\t\t\t\t<div class=\"elementor-widget-container\">\n\t\t\t\t\t<h3 class=\"elementor-heading-title elementor-size-default\">...<\/h3>\t\t\t\t<\/div>\n\t\t\t\t<\/div>\n\t\t\t\t<div class=\"elementor-element elementor-element-40b75915 elementor-invisible elementor-widget elementor-widget-heading\" data-id=\"40b75915\" data-element_type=\"widget\" data-e-type=\"widget\" data-settings=\"{&quot;_animation&quot;:&quot;fadeInUp&quot;,&quot;_animation_delay&quot;:200}\" data-widget_type=\"heading.default\">\n\t\t\t\t<div class=\"elementor-widget-container\">\n\t\t\t\t\t<h2 class=\"elementor-heading-title elementor-size-default\">Impressum, Datenschutz<\/h2>\t\t\t\t<\/div>\n\t\t\t\t<\/div>\n\t\t\t\t<\/div>\n\t\t<div class=\"elementor-element elementor-element-962d96b e-con-full e-flex e-con e-child\" data-id=\"962d96b\" data-element_type=\"container\" data-e-type=\"container\">\n\t\t\t\t<\/div>\n\t\t\t\t\t<\/div>\n\t\t\t\t<\/div>\n\t\t<div class=\"elementor-element elementor-element-db7fa92 e-flex e-con-boxed e-con e-parent\" data-id=\"db7fa92\" data-element_type=\"container\" data-e-type=\"container\">\n\t\t\t\t\t<div class=\"e-con-inner\">\n\t\t\t\t<div class=\"elementor-element elementor-element-30c52c0 elementor-widget elementor-widget-text-editor\" data-id=\"30c52c0\" data-element_type=\"widget\" data-e-type=\"widget\" data-widget_type=\"text-editor.default\">\n\t\t\t\t<div class=\"elementor-widget-container\">\n\t\t\t\t\t\t\t\t\t<div class=\"entry-content\"><div class=\"text\"><h3>\u00a0<\/h3><h3>Betreiber dieser Website<\/h3><p><strong>bergangus.ch<\/strong><br \/>Majerinaweg 2<br \/>CH-7312 Pf\u00e4fers<\/p><p>Gesch\u00e4ftsleitung: Corina und Andreas Kohler-Brunner<\/p><p>Die Verwendung der Kontaktdaten des Impressums zur gewerblichen Werbung ist ausdr\u00fccklich untersagt.<\/p><h3>Haftung<\/h3><p>Alle auf dieser Website enthaltenen Informationen wurden mit gr\u00f6sstm\u00f6glicher Sorgfalt gepr\u00fcft. Bergangus.ch \u00fcbernimmt jedoch keine Gew\u00e4hrleistung f\u00fcr die Richtigkeit, Vollst\u00e4ndigkeit und Aktualit\u00e4t der bereitgestellten Inhalte. Alle Nutzer dieser Website erkl\u00e4ren sich einverstanden, dass die Nutzung auf eigenes Risiko erfolgt.<\/p><p>Haftungsanspr\u00fcche gegen bergangus.ch wegen Sch\u00e4den materieller oder immaterieller Art, welche aus dem Zugriff oder der Nutzung respektive Nichtnutzung der ver\u00f6ffentlichten Informationen, durch Missbrauch der Verbindung oder durch technische St\u00f6rungen entstanden sind, werden ausgeschlossen.<\/p><p>Bergangus.ch beh\u00e4lt sich das Recht vor, Inhalte dieser Website ohne vorherige Ank\u00fcndigung zu streichen, zu \u00e4ndern, zu erg\u00e4nzen, oder diese Website ganz einzustellen. Eine Haftung ergibt sich daraus nicht.<\/p><h3>Urheberrecht<\/h3><p>\u00a9bergangus.ch. Alle Rechte vorbehalten.<br \/>Die Inhalte dieser Website unterliegen dem Urheberrecht und anderen Gesetzen zum Schutz des geistigen Eigentums. Die Inhalte geh\u00f6ren ausschliesslich bergangus.ch. Jede nicht zugelassene Verwertung bedarf unserer vorherigen schriftlichen Zustimmung, oder der des jeweiligen Rechteinhabers. Die unerlaubte Vervielf\u00e4ltigung und Weitergabe einzelner Inhalte oder des ganzen Inhaltes ist nicht gestattet.<\/p><p>Die Darstellung dieser Website in fremden Frames ist nur mit schriftlicher Erlaubnis zul\u00e4ssig.<\/p><p>Die vorliegende Website enth\u00e4lt Warenzeichen, die dem Markenschutz unterliegen. Auch wenn diese nicht als solche gekennzeichnet sind, gelten die entsprechenden Schutzbestimmungen.<\/p><h3>Externe Links<\/h3><p>Diese Website enth\u00e4lt Verkn\u00fcpfungen zu anderen Unternehmen, Personen oder Organisationen. Die Verkn\u00fcpfung erfolgt ausschlie\u00dflich zum Zwecke der Information und als Service f\u00fcr die Nutzer. Die verkn\u00fcpften Websites unterliegen der Haftung des jeweiligen Betreibers. Die fremden Inhalte wurden bei erstmaliger Verkn\u00fcpfung gepr\u00fcft. bergangus.ch hat keinen Einfluss auf die aktuelle oder zuk\u00fcnftige Gestaltung dieser Inhalte. Eine st\u00e4ndige Kontrolle externer Links ist nicht zumutbar. Bei Kenntnis von Rechtsverst\u00f6ssen werden derartige externe Links jedoch unverz\u00fcglich gel\u00f6scht.<\/p><h3>Datenschutz<\/h3><p>Um die Anmeldung ins Backend der Webseite zu sch\u00fctzen wird die IP Adresse Zugriffsdatum\/-zeit sowie der Loginname gespeichert. Dies um dem unerlaubten \u00abProbieren\u00bb von Login-Informationen vorzubeugen respektive dies zu sperren.<\/p><p>Angaben, welche Sie in Kontaktformularen auf dieser Website hinterlegen k\u00f6nnen zus\u00e4tzlich in einer Datenbank gespeichert werden. Diese Daten werden nur f\u00fcr den im Kontaktformular definierten Zweck benutzt und werden nicht weitergegeben.<\/p><p>Wie bei jeder Verbindung mit einem Webserver protokolliert und speichert der Server unseres Webhosting-Anbieters bestimmte technische Daten. Zu diesen Daten geh\u00f6ren die IP-Adresse und das Betriebssystem Ihres Ger\u00e4ts, die Daten, die Zugriffszeit, die Art des Browsers sowie die Browser-Anfrage inklusive der Herkunft der Anfrage (Referrer). Dies ist aus technischen Gr\u00fcnden erforderlich, um Ihnen unsere Website zur Verf\u00fcgung zu stellen. Der Webhosting-Anbieter sch\u00fctzt diese Daten mit technischen und organisatorischen Massnahmen vor unerlaubten Zugriffen und gibt sie nicht an Dritte weiter. Soweit dabei personenbezogene Daten verarbeitet werden, tun wir dies aufgrund unseres Interesses, Ihnen die bestm\u00f6gliche Nutzererfahrung zu bieten und die Sicherheit und Stabilit\u00e4t unserer Systeme zu gew\u00e4hrleisten.<\/p><p>Die Verwendung der Kontaktdaten des Impressums zur gewerblichen Werbung ist ausdr\u00fccklich untersagt.<\/p><h3>Webdesign<\/h3><p>Umsetzung mit\u00a0<a href=\"http:\/\/wordpress.org\/\" target=\"_blank\" rel=\"noopener noreferrer\">WordPress<\/a>.<\/p><\/div><\/div>\t\t\t\t\t\t\t\t<\/div>\n\t\t\t\t<\/div>\n\t\t\t\t<div class=\"elementor-element elementor-element-296df64 elementor-widget elementor-widget-heading\" data-id=\"296df64\" data-element_type=\"widget\" data-e-type=\"widget\" data-widget_type=\"heading.default\">\n\t\t\t\t<div class=\"elementor-widget-container\">\n\t\t\t\t\t<h3 class=\"elementor-heading-title elementor-size-default\">reCAPTCHA<\/h3>\t\t\t\t<\/div>\n\t\t\t\t<\/div>\n\t\t\t\t<div class=\"elementor-element elementor-element-348b741 elementor-widget elementor-widget-text-editor\" data-id=\"348b741\" data-element_type=\"widget\" data-e-type=\"widget\" data-widget_type=\"text-editor.default\">\n\t\t\t\t<div class=\"elementor-widget-container\">\n\t\t\t\t\t\t\t\t\t<p>Zum Schutz Ihrer Anfragen per Internetformular verwenden wir den Dienst reCAPTCHA des Unternehmens Google LLC (Google). Die Abfrage dient der Unterscheidung, ob die Eingabe durch einen Menschen oder missbr\u00e4uchlich durch automatisierte, maschinelle Verarbeitung erfolgt. Die Abfrage schlie\u00dft den Versand der IP-Adresse und ggf. weiterer von Google f\u00fcr den Dienst reCAPTCHA ben\u00f6tigter Daten an Google ein. Zu diesem Zweck wird Ihre Eingabe an Google \u00fcbermittelt und dort weiter verwendet. Ihre IP-Adresse wird von Google jedoch innerhalb von Mitgliedstaaten der Europ\u00e4ischen Union oder in anderen Vertragsstaaten des Abkommens \u00fcber den Europ\u00e4ischen Wirtschaftsraum zuvor gek\u00fcrzt. Nur in Ausnahmef\u00e4llen wird die volle IP-Adresse an einen Server von Google in den USA \u00fcbertragen und dort gek\u00fcrzt. Im Auftrag des Betreibers dieser Website wird Google diese Informationen benutzen, um Ihre Nutzung dieses Dienstes auszuwerten. Die im Rahmen von reCaptcha von Ihrem Browser \u00fcbermittelte IP-Adresse wird nicht mit anderen Daten von Google zusammengef\u00fchrt. F\u00fcr diese Daten gelten die abweichenden Datenschutzbestimmungen des Unternehmens Google. Weitere Informationen zu den Datenschutzrichtlinien von Google finden Sie unter:\u00a0<a href=\"https:\/\/policies.google.com\/privacy?hl=de\">https:\/\/policies.google.com\/privacy?hl=de<\/a><\/p>\t\t\t\t\t\t\t\t<\/div>\n\t\t\t\t<\/div>\n\t\t\t\t<div class=\"elementor-element elementor-element-db82d51 elementor-widget elementor-widget-heading\" data-id=\"db82d51\" data-element_type=\"widget\" data-e-type=\"widget\" data-widget_type=\"heading.default\">\n\t\t\t\t<div class=\"elementor-widget-container\">\n\t\t\t\t\t<h3 class=\"elementor-heading-title elementor-size-default\">Google Maps<\/h3>\t\t\t\t<\/div>\n\t\t\t\t<\/div>\n\t\t\t\t<div class=\"elementor-element elementor-element-3d10dfb elementor-widget elementor-widget-text-editor\" data-id=\"3d10dfb\" data-element_type=\"widget\" data-e-type=\"widget\" data-widget_type=\"text-editor.default\">\n\t\t\t\t<div class=\"elementor-widget-container\">\n\t\t\t\t\t\t\t\t\t<p>F\u00fcr unsere Kontaktseiten nutzen wir \u00fcber eine API den Kartendienst Google Maps. Zur Nutzung der Funktionen von Google Maps ist es notwendig, deine IP-Adresse zu speichern. Diese Informationen werden in der Regel an einen Server von Google in den USA \u00fcbertragen und dort gespeichert. Wir haben keinen Einfluss auf diese Daten\u00fcbertragung. Die Nutzung von Google Maps erfolgt im Interesse einer leichten Auffindbarkeit der von uns auf der Website angegebenen Orte.<\/p>\t\t\t\t\t\t\t\t<\/div>\n\t\t\t\t<\/div>\n\t\t\t\t\t<\/div>\n\t\t\t\t<\/div>\n\t\t\t\t<\/div>\n\t\t","protected":false},"excerpt":{"rendered":"<p>&#8230; Impressum, Datenschutz \u00a0 Betreiber dieser Website bergangus.chMajerinaweg 2CH-7312 Pf\u00e4fers Gesch\u00e4ftsleitung: Corina und Andreas Kohler-Brunner Die Verwendung der Kontaktdaten des Impressums zur gewerblichen Werbung ist ausdr\u00fccklich untersagt. Haftung Alle auf dieser Website enthaltenen Informationen wurden mit gr\u00f6sstm\u00f6glicher Sorgfalt gepr\u00fcft. Bergangus.ch \u00fcbernimmt jedoch keine Gew\u00e4hrleistung f\u00fcr die Richtigkeit, Vollst\u00e4ndigkeit und Aktualit\u00e4t der bereitgestellten Inhalte. Alle Nutzer [&hellip;]<\/p>\n","protected":false},"author":1,"featured_media":0,"parent":0,"menu_order":0,"comment_status":"closed","ping_status":"closed","template":"","meta":{"site-sidebar-layout":"no-sidebar","site-content-layout":"page-builder","ast-site-content-layout":"full-width-container","site-content-style":"default","site-sidebar-style":"default","ast-global-header-display":"","ast-banner-title-visibility":"","ast-main-header-display":"","ast-hfb-above-header-display":"","ast-hfb-below-header-display":"","ast-hfb-mobile-header-display":"","site-post-title":"disabled","ast-breadcrumbs-content":"","ast-featured-img":"disabled","footer-sml-layout":"","ast-disable-related-posts":"","theme-transparent-header-meta":"","adv-header-id-meta":"","stick-header-meta":"","header-above-stick-meta":"","header-main-stick-meta":"","header-below-stick-meta":"","astra-migrate-meta-layouts":"set","ast-page-background-enabled":"default","ast-page-background-meta":{"desktop":{"background-color":"","background-image":"","background-repeat":"repeat","background-position":"center center","background-size":"auto","background-attachment":"scroll","background-type":"","background-media":"","overlay-type":"","overlay-color":"","overlay-opacity":"","overlay-gradient":""},"tablet":{"background-color":"","background-image":"","background-repeat":"repeat","background-position":"center center","background-size":"auto","background-attachment":"scroll","background-type":"","background-media":"","overlay-type":"","overlay-color":"","overlay-opacity":"","overlay-gradient":""},"mobile":{"background-color":"","background-image":"","background-repeat":"repeat","background-position":"center center","background-size":"auto","background-attachment":"scroll","background-type":"","background-media":"","overlay-type":"","overlay-color":"","overlay-opacity":"","overlay-gradient":""}},"ast-content-background-meta":{"desktop":{"background-color":"var(--ast-global-color-5)","background-image":"","background-repeat":"repeat","background-position":"center center","background-size":"auto","background-attachment":"scroll","background-type":"","background-media":"","overlay-type":"","overlay-color":"","overlay-opacity":"","overlay-gradient":""},"tablet":{"background-color":"var(--ast-global-color-5)","background-image":"","background-repeat":"repeat","background-position":"center center","background-size":"auto","background-attachment":"scroll","background-type":"","background-media":"","overlay-type":"","overlay-color":"","overlay-opacity":"","overlay-gradient":""},"mobile":{"background-color":"var(--ast-global-color-5)","background-image":"","background-repeat":"repeat","background-position":"center center","background-size":"auto","background-attachment":"scroll","background-type":"","background-media":"","overlay-type":"","overlay-color":"","overlay-opacity":"","overlay-gradient":""}},"footnotes":""},"class_list":["post-1211","page","type-page","status-publish","hentry"],"_links":{"self":[{"href":"https:\/\/bergangus.ch\/wpBergangus\/wp-json\/wp\/v2\/pages\/1211","targetHints":{"allow":["GET"]}}],"collection":[{"href":"https:\/\/bergangus.ch\/wpBergangus\/wp-json\/wp\/v2\/pages"}],"about":[{"href":"https:\/\/bergangus.ch\/wpBergangus\/wp-json\/wp\/v2\/types\/page"}],"author":[{"embeddable":true,"href":"https:\/\/bergangus.ch\/wpBergangus\/wp-json\/wp\/v2\/users\/1"}],"replies":[{"embeddable":true,"href":"https:\/\/bergangus.ch\/wpBergangus\/wp-json\/wp\/v2\/comments?post=1211"}],"version-history":[{"count":39,"href":"https:\/\/bergangus.ch\/wpBergangus\/wp-json\/wp\/v2\/pages\/1211\/revisions"}],"predecessor-version":[{"id":2033,"href":"https:\/\/bergangus.ch\/wpBergangus\/wp-json\/wp\/v2\/pages\/1211\/revisions\/2033"}],"wp:attachment":[{"href":"https:\/\/bergangus.ch\/wpBergangus\/wp-json\/wp\/v2\/media?parent=1211"}],"curies":[{"name":"wp","href":"https:\/\/api.w.org\/{rel}","templated":true}]}}